ctor of 66946944?
True
Does 24 divide 81590383?
False
Does 616 divide 18134424?
True
Is 6274758 a multiple of 6?
True
Is 274 a factor of 33651036?
True
Is 2988 a factor of 321732647?
False
Is 11 a factor of 52609402?
False
Is 28 a factor of 150587203?
False
Does 15 divide 17287787?
False
Does 759 divide 1675967634?
True
Does 516 divide 2245884840?
True
Is 96 a factor of 5419488?
True
Is 283800515 a multiple of 349?
False
Does 13 divide 1638122352?
False
Does 24 divide 33005880?
True
Does 10 divide 20214934?
False
Is 7 a factor of 160266645?
True
Does 238 divide 7925876?
True
Does 632 divide 10908952?
True
Is 102 a factor of 38312101?
False
Is 298190356 a multiple of 839?
False
Does 2310 divide 592972380?
True
Is 47045023 a multiple of 1045?
False
Is 18 a factor of 15673132?
False
Does 2173 divide 491070985?
False
Is 47 a factor of 29638435?
True
Does 578 divide 1955135864?
True
Is 128 a factor of 909833216?
True
Is 619898177 a multiple of 20?
False
Is 285679076 a multiple of 4901?
False
Is 267 a factor of 125009400?
True
Does 7 divide 336928679?
False
Is 1181 a factor of 23258952?
False
Does 26 divide 134112258?
False
Is 87 a factor of 1142536800?
False
Does 17 divide 101710762?
True
Does 694 divide 46341850?
True
Does 611 divide 229368121?
False
Is 830 a factor of 3053465665?
False
Is 39612175 a multiple of 25?
True
Is 367026663 a multiple of 275?
False
Does 16 divide 242579024?
True
Is 54547946 a multiple of 1383?
False
Does 63 divide 519910713?
True
Is 86 a factor of 83143510?
True
Does 40 divide 514360?
True
Is 625295078 a multiple of 47?
False
Is 525 a factor of 1184433406?
False
Is 120682259 a multiple of 3968?
False
Is 1904957099 a multiple of 1147?
True
Is 19 a factor of 29369604?
False
Is 1694651056 a multiple of 4102?
True
Is 6303362 a multiple of 26?
True
Is 3 a factor of 770233?
False
Is 792 a factor of 1540164384?
True
Is 33777704 a multiple of 86?
True
Does 200 divide 57130800?
True
Is 172 a factor of 78251933?
False
Does 5461 divide 1808150139?
False
Does 24 divide 2301557136?
True
Is 25761301 a multiple of 62?
False
Does 3015 divide 442586925?
True
Is 13784366 a multiple of 303?
False
Does 16 divide 56525106?
False
Does 37 divide 1006506500?
False
Is 1020987740 a multiple of 82?
True
Does 404 divide 1784468?
True
Is 38 a factor of 20947044?
True
Is 21652020 a multiple of 15?
True
Is 74160053 a multiple of 110?
False
Is 304206035 a multiple of 2909?
False
Is 83051712 a multiple of 18?
True
Is 68 a factor of 1627584?
False
Is 4876039972 a multiple of 62?
True
Does 52 divide 28206256?
True
Is 1084 a factor of 64838576?
False
Does 31 divide 4885699?
False
Is 115135020 a multiple of 297?
True
Is 764580718 a multiple of 2398?
True
Is 417807716 a multiple of 9?
False
Is 69 a factor of 776451897?
False
Is 44734223 a multiple of 575?
False
Is 3578203 a multiple of 6?
False
Is 15 a factor of 353483580?
True
Is 16568336 a multiple of 17?
True
Is 891 a factor of 68206050?
True
Is 23 a factor of 319539538?
False
Is 984 a factor of 31050120?
True
Does 21 divide 1111783?
False
Is 1125120510 a multiple of 3435?
True
Does 5569 divide 249958996?
True
Does 38 divide 996396639?
False
Is 227 a factor of 110410436?
False
Is 1355 a factor of 815579876?
False
Is 1137039760 a multiple of 17?
False
Is 27 a factor of 92880918?
True
Is 19352265 a multiple of 1112?
False
Does 516 divide 47723406?
False
Is 125807829 a multiple of 64?
False
Does 86 divide 56669056?
False
Does 179 divide 97462885?
False
Does 109 divide 44041559?
True
Is 49541060 a multiple of 68?
True
Does 1358 divide 4071284?
True
Is 629491519 a multiple of 11?
False
Is 494786280 a multiple of 20?
True
Does 19 divide 1141697036?
False
Is 16236485 a multiple of 476?
False
Is 256856544 a multiple of 1806?
True
Is 512 a factor of 346304527?
False
Is 25 a factor of 215445982?
False
Is 8 a factor of 65180840?
True
Is 411 a factor of 319233564?
True
Does 33 divide 409105956?
False
Is 174 a factor of 906784296?
True
Is 714 a factor of 148804026?
True
Does 427 divide 84229166?
True
Is 150612603 a multiple of 109?
True
Does 40 divide 9318960?
True
Is 5510234 a multiple of 21?
False
Does 35 divide 255868900?
True
Does 9 divide 21040821?
True
Is 484745894 a multiple of 1913?
False
Does 1655 divide 716301087?
False
Is 8635568 a multiple of 4?
True
Is 406 a factor of 37156088?
False
Does 10834 divide 2559787156?
False
Is 1548288 a multiple of 128?
True
Is 82 a factor of 126668158?
False
Is 73 a factor of 455958?
True
Does 73 divide 18244479?
False
Is 119 a factor of 219215493?
True
Does 122 divide 233319065?
False
Does 6 divide 1888256664?
True
Does 76 divide 2637523?
False
Is 4 a factor of 2269593?
False
Is 40 a factor of 397612320?
True
Does 635 divide 7662632?
False
Does 3375 divide 1268402625?
True
Is 204 a factor of 2375915177?
False
Does 42 divide 112172672?
False
Is 214 a factor of 120472156?
True
Is 1509 a factor of 14053621?
False
Is 302 a factor of 27940932?
False
Is 19378896 a multiple of 229?
True
Is 1557026052 a multiple of 876?
True
Does 29 divide 791611285?
False
Is 346925138 a multiple of 72?
False
Is 10 a factor of 39402290?
True
Is 55 a factor of 150536100?
True
Is 39 a factor of 40922579?
False
Is 1579 a factor of 4631379197?
False
Is 24 a factor of 42879096?
True
Is 78930 a multiple of 15?
True
Does 862 divide 25791902?
True
Is 36379806 a multiple of 222?
True
Is 123 a factor of 24724483?
False
Does 1237 divide 150044389?
True
Is 36730724 a multiple of 874?
True
Is 136339 a multiple of 573?
False
Is 976 a factor of 74902144?
True
Is 548728526 a multiple of 134?
True
Does 15 divide 533867685?
True
Does 7 divide 132030066?
True
Is 1120 a factor of 940389686?
False
Is 15 a factor of 13178115?
True
Does 1093 divide 509726267?
False
Is 132690063 a multiple of 448?
False
Does 986 divide 27082050?
False
Is 696414036 a multiple of 2?
True
Is 2 a factor of 1098568741?
False
Is 51 a factor of 18558237?
True
Is 241 a factor of 205590858?
False
Is 38 a factor of 547754002?
True
Is 10687330 a multiple of 94?
True
Is 24247606 a multiple of 106?
True
Is 2225845651 a multiple of 237?
False
Is 327 a factor of 19973275?
False
Is 1090 a factor of 159323124?
False
Is 5065832 a multiple of 2?
True
Is 27752902 a multiple of 5?
False
Is 420 a factor of 6709080?
True
Is 666427185 a multiple of 3?
True
Is 215 a factor of 57297155?
False
Does 5 divide 12059420?
True
Is 30142020 a multiple of 541?
False
Is 6189617 even?
False
Does 28 divide 36736347?
False
Is 49273596 a multiple of 1244?
True
Is 348 a factor of 832573918?
False
Does 4 divide 105056908?
True
Is 179609860 a multiple of 10?
True
Is 597 a factor of 5663142?
True
Does 17 divide 50580132?
False
Is 770 a factor of 212737140?
True
Does 27 divide 12549465?
True
Does 570 divide 7821522303?
False
Does 79 divide 912509399?
False
Is 4 a factor of 166860112?
True
Is 2718198 a multiple of 14?
True
Is 304948287 a multiple of 3606?
False
Is 111 a factor of 71292081?
True
Is 114138507 a multiple of 19?
False
Is 358464964 a multiple of 52?
True
Is 21803404 a multiple of 402?
False
Is 1370 a factor of 21217190?
True
Does 14 divide 2367588757?
False
Is 770440429 a multiple of 644?
False
Is 494 a factor of 79933817?
False
Does 3 divide 73990042?
False
Is 365 a factor of 377795075?
True
Is 289 a factor of 445673836?
True
Does 9 divide 148049773?
False
Is 28 a factor of 263966780?
True
Does 4 divide 453924532?
True
Does 202 divide 542998422?
True
Does 136 divide 101713856?
True
Is 156 a factor of 201313944?
True
Does 746 divide 11298170?
True
Is 1305 a factor of 197807021?
False
Is 17830584 a multiple of 1255?
False
Does 3982 divide 19917964?
True
Does 130 divide 997534720?
True
Is 99238477 a multiple of 3?
False
Is 23486240 a multiple of 5?
True
Is 33831490 a multiple of 2915?
True
Is 2753 a factor of 436632373?
False
Does 237 divide 76595022?
False
Is 34 a factor of 5287170?
True
Does 25 divide 40919550?
True
Does 3554 divide 124407770?
True
Does 22 divide 51327584?
True
Is 20167760 a multiple of 8?
True
Is 124 a factor of 8221200?
True
Does 1411 divide 15015862?
True
Is 411513442 a multiple of 596?
False
Does 12 divide 19471944?
True
Is 180 a factor of 105457320?
True
Is 21 a factor of 1326908?
False
Is 19 a factor of 28716961?
True
Is 22240065 a multiple of 2